{"id":9,"date":"2021-04-10T19:15:27","date_gmt":"2021-04-10T17:15:27","guid":{"rendered":"http:\/\/laetitia-hirth.com\/?page_id=9"},"modified":"2023-07-10T12:07:52","modified_gmt":"2023-07-10T10:07:52","slug":"accueil","status":"publish","type":"page","link":"https:\/\/laetitia-hirth.com\/","title":{"rendered":"Accueil"},"content":{"rendered":"","protected":false},"excerpt":{"rendered":"","protected":false},"author":1,"featured_media":0,"parent":0,"menu_order":0,"comment_status":"closed","ping_status":"closed","template":"","meta":{"footnotes":""},"class_list":["post-9","page","type-page","status-publish","hentry"],"yoast_head":"<!-- This site is optimized with the Yoast SEO plugin v16.2 - https:\/\/yoast.com\/wordpress\/plugins\/seo\/ -->\n<title>Laetitia Hirth : Sp\u00e9cialiste en communication et digital marketing<\/title>\n<meta name=\"description\" content=\"A travers ce site vous d\u00e9couvrirez mon portfolio qui a pu \u00eatre cr\u00e9\u00e9 gr\u00e2ce \u00e0 mes nombreuses ann\u00e9es dans les m\u00e9tiers de la communication.\" \/>\n<meta name=\"robots\" content=\"index, follow, max-snippet:-1, max-image-preview:large, max-video-preview:-1\" \/>\n<link rel=\"canonical\" href=\"http:\/\/laetitia-hirth.com\/\" \/>\n<meta property=\"og:locale\" content=\"fr_FR\" \/>\n<meta property=\"og:type\" content=\"article\" \/>\n<meta property=\"og:title\" content=\"Laetitia Hirth : Sp\u00e9cialiste en communication et digital marketing\" \/>\n<meta property=\"og:description\" content=\"A travers ce site vous d\u00e9couvrirez mon portfolio qui a pu \u00eatre cr\u00e9\u00e9 gr\u00e2ce \u00e0 mes nombreuses ann\u00e9es dans les m\u00e9tiers de la communication.\" \/>\n<meta property=\"og:url\" content=\"http:\/\/laetitia-hirth.com\/\" \/>\n<meta property=\"og:site_name\" content=\"Laetitia Hirth\" \/>\n<meta property=\"article:modified_time\" content=\"2023-07-10T10:07:52+00:00\" \/>\n<meta name=\"twitter:card\" content=\"summary_large_image\" \/>\n<script type=\"application\/ld+json\" class=\"yoast-schema-graph\">{\"@context\":\"https:\/\/schema.org\",\"@graph\":[{\"@type\":\"WebSite\",\"@id\":\"http:\/\/laetitia-hirth.com\/#website\",\"url\":\"http:\/\/laetitia-hirth.com\/\",\"name\":\"Laetitia Hirth\",\"description\":\" Sp\\u00e9cialiste en Digital Marketing - Community manager - Graphisme\",\"potentialAction\":[{\"@type\":\"SearchAction\",\"target\":\"http:\/\/laetitia-hirth.com\/?s={search_term_string}\",\"query-input\":\"required name=search_term_string\"}],\"inLanguage\":\"fr-FR\"},{\"@type\":\"WebPage\",\"@id\":\"http:\/\/laetitia-hirth.com\/#webpage\",\"url\":\"http:\/\/laetitia-hirth.com\/\",\"name\":\"Laetitia Hirth : Sp\\u00e9cialiste en communication et digital marketing\",\"isPartOf\":{\"@id\":\"http:\/\/laetitia-hirth.com\/#website\"},\"datePublished\":\"2021-04-10T17:15:27+00:00\",\"dateModified\":\"2023-07-10T10:07:52+00:00\",\"description\":\"A travers ce site vous d\\u00e9couvrirez mon portfolio qui a pu \\u00eatre cr\\u00e9\\u00e9 gr\\u00e2ce \\u00e0 mes nombreuses ann\\u00e9es dans les m\\u00e9tiers de la communication.\",\"breadcrumb\":{\"@id\":\"http:\/\/laetitia-hirth.com\/#breadcrumb\"},\"inLanguage\":\"fr-FR\",\"potentialAction\":[{\"@type\":\"ReadAction\",\"target\":[\"http:\/\/laetitia-hirth.com\/\"]}]},{\"@type\":\"BreadcrumbList\",\"@id\":\"http:\/\/laetitia-hirth.com\/#breadcrumb\",\"itemListElement\":[{\"@type\":\"ListItem\",\"position\":1,\"item\":{\"@type\":\"WebPage\",\"@id\":\"http:\/\/laetitia-hirth.com\/\",\"url\":\"http:\/\/laetitia-hirth.com\/\",\"name\":\"Accueil\"}},{\"@type\":\"ListItem\",\"position\":2,\"item\":{\"@id\":\"http:\/\/laetitia-hirth.com\/#webpage\"}}]}]}<\/script>\n<!-- \/ Yoast SEO plugin. -->","_links":{"self":[{"href":"https:\/\/laetitia-hirth.com\/index.php?rest_route=\/wp\/v2\/pages\/9","targetHints":{"allow":["GET"]}}],"collection":[{"href":"https:\/\/laetitia-hirth.com\/index.php?rest_route=\/wp\/v2\/pages"}],"about":[{"href":"https:\/\/laetitia-hirth.com\/index.php?rest_route=\/wp\/v2\/types\/page"}],"author":[{"embeddable":true,"href":"https:\/\/laetitia-hirth.com\/index.php?rest_route=\/wp\/v2\/users\/1"}],"replies":[{"embeddable":true,"href":"https:\/\/laetitia-hirth.com\/index.php?rest_route=%2Fwp%2Fv2%2Fcomments&post=9"}],"version-history":[{"count":5,"href":"https:\/\/laetitia-hirth.com\/index.php?rest_route=\/wp\/v2\/pages\/9\/revisions"}],"predecessor-version":[{"id":129,"href":"https:\/\/laetitia-hirth.com\/index.php?rest_route=\/wp\/v2\/pages\/9\/revisions\/129"}],"wp:attachment":[{"href":"https:\/\/laetitia-hirth.com\/index.php?rest_route=%2Fwp%2Fv2%2Fmedia&parent=9"}],"curies":[{"name":"wp","href":"https:\/\/api.w.org\/{rel}","templated":true}]}}